{"id":2,"date":"2019-11-25T12:51:27","date_gmt":"2019-11-25T11:51:27","guid":{"rendered":"http:\/\/plaisirdapprendre.ma\/?page_id=2"},"modified":"2025-06-10T19:02:42","modified_gmt":"2025-06-10T17:02:42","slug":"page-d-exemple","status":"publish","type":"page","link":"http:\/\/plaisirdapprendre.ma\/","title":{"rendered":"Qui suis-je?"},"content":{"rendered":"\n<p>Depuis\nune quinzaine d\u2019ann\u00e9es, une question occupe tout mon esprit&nbsp;: comment\npeut-on vraiment aider les enfants en difficult\u00e9 scolaire ?<\/p>\n\n\n\n<p>J\u2019ai\n\u00e9t\u00e9 successivement \u00e9ducatrice sp\u00e9cialis\u00e9e dans le primaire, directrice\np\u00e9dagogique de cr\u00e8che-maternelle, conseill\u00e8re p\u00e9dagogique dans l\u2019\u00e9dition de\nmanuels scolaires.<\/p>\n\n\n\n<p>En\n\u00e9cole, j\u2019ai cr\u00e9\u00e9 le poste de rem\u00e9diation sp\u00e9cifique pour venir en aide aux\n\u00e9l\u00e8ves en difficult\u00e9.<\/p>\n\n\n\n<p>En\ncr\u00e8che, j\u2019ai d\u00e9finitivement opt\u00e9 pour les p\u00e9dagogies actives et la pr\u00e9vention\npr\u00e9coce des troubles de l\u2019apprentissage.<\/p>\n\n\n\n<p>L\u2019exp\u00e9rience,\nles formations continues et la pr\u00e9sence aux conf\u00e9rences et aux congr\u00e8s traitant\nde p\u00e9dagogie, de psychologie infantile et de sciences cognitives, m\u2019ont\nconvaincu que chaque situation que peut pr\u00e9senter un \u00e9l\u00e8ve en difficult\u00e9 est\nunique et qu\u2019il faut avant tout bien en&nbsp;\nidentifier la cause pour y apporter&nbsp;\nune r\u00e9ponse ad\u00e9quate.<\/p>\n\n\n\n<p>C\u2019est\nainsi que j\u2019ai adopt\u00e9 la vision et les m\u00e9thodes de l\u2019orthop\u00e9dagogie comme elle\nest pratiqu\u00e9e au Canada&nbsp; et en Europe\n(voir la rubrique \u00ab&nbsp;Qu\u2019est-ce l\u2019orthop\u00e9dagogie&nbsp;? \u00ab&nbsp;)&nbsp; et que j\u2019en fais inlassablement&nbsp; la promotion au Maroc.<\/p>\n\n\n\n<p>Ma\nmission est donc l\u2019\u00e9valuation et la rem\u00e9diation des difficult\u00e9s de\nl\u2019apprentissage des enfants en d\u00e9tresse scolaire.<\/p>\n\n\n\n<p>Je\nm\u2019appelle Houda Jittou-Brun et je suis orthop\u00e9dagogue en \u00e9coles et en cabinet\npriv\u00e9e, o\u00f9 je coordonne un r\u00e9seau de sp\u00e9cialistes&nbsp;: p\u00e9dopsychiatres,\nneuropsychiatres, orthophonistes, psychomotriciens, orthoptiste, graphologues\net enseignants.<\/p>\n\n\n\n<p>Ensemble,\navec la collaboration des parents, nous mettons en place autour de l\u2019enfant et\npour lui, les m\u00e9thodes modernes de diagnostique et de r\u00e9solution des\ndifficult\u00e9s d\u2019apprentissage les plus diverses.<\/p>\n\n\n\n<p>A\nce jour, nous sommes intervenus avec ce m\u00eame r\u00e9seau, aupr\u00e8s d\u2019environ 500\nenfants, souffrants&nbsp; principalement de\ndyslexie ou d\u2019autres troubles dys, de troubles de l\u2019attention, avec ou sans\nhyperactivit\u00e9,&nbsp; et de diff\u00e9rents troubles\nsp\u00e9cifiques affectant l\u2019apprentissage des langues, des math\u00e9matiques ou des\ncomportements sociaux.<\/p>\n\n\n\n<figure class=\"wp-block-image size-large\"><img loading=\"lazy\" width=\"960\" height=\"640\" src=\"http:\/\/plaisirdapprendre.ma\/wp-content\/uploads\/2019\/11\/games-2801332_960_720.jpg\" alt=\"\" class=\"wp-image-16\" srcset=\"http:\/\/plaisirdapprendre.ma\/wp-content\/uploads\/2019\/11\/games-2801332_960_720.jpg 960w, http:\/\/plaisirdapprendre.ma\/wp-content\/uploads\/2019\/11\/games-2801332_960_720-300x200.jpg 300w, http:\/\/plaisirdapprendre.ma\/wp-content\/uploads\/2019\/11\/games-2801332_960_720-768x512.jpg 768w, http:\/\/plaisirdapprendre.ma\/wp-content\/uploads\/2019\/11\/games-2801332_960_720-750x500.jpg 750w, http:\/\/plaisirdapprendre.ma\/wp-content\/uploads\/2019\/11\/games-2801332_960_720-400x267.jpg 400w, http:\/\/plaisirdapprendre.ma\/wp-content\/uploads\/2019\/11\/games-2801332_960_720-430x287.jpg 430w, http:\/\/plaisirdapprendre.ma\/wp-content\/uploads\/2019\/11\/games-2801332_960_720-150x100.jpg 150w, http:\/\/plaisirdapprendre.ma\/wp-content\/uploads\/2019\/11\/games-2801332_960_720-100x67.jpg 100w\" sizes=\"(max-width: 960px) 100vw, 960px\" \/><\/figure>\n","protected":false},"excerpt":{"rendered":"<p>Depuis une quinzaine d\u2019ann\u00e9es, une question occupe tout mon esprit&nbsp;: comment peut-on vraiment aider les enfants en difficult\u00e9 scolaire ? J\u2019ai \u00e9t\u00e9 successivement \u00e9ducatrice sp\u00e9cialis\u00e9e dans le primaire, directrice p\u00e9dagogique de cr\u00e8che-maternelle, conseill\u00e8re p\u00e9dagogique dans l\u2019\u00e9dition de manuels scolaires. En \u00e9cole, j\u2019ai cr\u00e9\u00e9 le poste de rem\u00e9diation sp\u00e9cifique pour venir en aide aux \u00e9l\u00e8ves en difficult\u00e9. En cr\u00e8che, j\u2019ai d\u00e9finitivement &#8230; <\/p>\n<div><a href=\"http:\/\/plaisirdapprendre.ma\/\" class=\"more-link\">Read More<\/a><\/div>\n","protected":false},"author":1,"featured_media":0,"parent":0,"menu_order":0,"comment_status":"closed","ping_status":"open","template":"","meta":[],"_links":{"self":[{"href":"http:\/\/plaisirdapprendre.ma\/index.php\/wp-json\/wp\/v2\/pages\/2"}],"collection":[{"href":"http:\/\/plaisirdapprendre.ma\/index.php\/wp-json\/wp\/v2\/pages"}],"about":[{"href":"http:\/\/plaisirdapprendre.ma\/index.php\/wp-json\/wp\/v2\/types\/page"}],"author":[{"embeddable":true,"href":"http:\/\/plaisirdapprendre.ma\/index.php\/wp-json\/wp\/v2\/users\/1"}],"replies":[{"embeddable":true,"href":"http:\/\/plaisirdapprendre.ma\/index.php\/wp-json\/wp\/v2\/comments?post=2"}],"version-history":[{"count":3,"href":"http:\/\/plaisirdapprendre.ma\/index.php\/wp-json\/wp\/v2\/pages\/2\/revisions"}],"predecessor-version":[{"id":173,"href":"http:\/\/plaisirdapprendre.ma\/index.php\/wp-json\/wp\/v2\/pages\/2\/revisions\/173"}],"wp:attachment":[{"href":"http:\/\/plaisirdapprendre.ma\/index.php\/wp-json\/wp\/v2\/media?parent=2"}],"curies":[{"name":"wp","href":"https:\/\/api.w.org\/{rel}","templated":true}]}}